l(a) = -71*a + 107. What are the prime factors of l(c)?
7, 137
Let k = 37817 + -9009. What are the prime factors of k?
2, 13, 277
Suppose 0 = -4*m + 2*a - 8, 0 = -m + 4*a - 16. Suppose m = 3*x + 4*n + 10 + 9, -77 = 4*x - 5*n. List the prime factors of (-1363)/x + (-2)/(-13).
3, 5, 7
Let r = -341 + 481. Suppose 0 = -f + 12*f + 495. Let g = r + f. List the prime factors of g.
5, 19
Suppose -32*z - 16975 - 202865 = 0. List the prime factors of (1/3)/((-68710)/z - 10).
229
Suppose -5*m + 184 = 2*v, 0 = 3*m + 2*v - v - 110. Let j = -27 + m. List the prime factors of (-656)/12*j/(-6).
2, 41
Let l be 54/(-24) + (-3)/4. Let g(m) = -149*m - 2. Let b be g(l). Suppose 4*o - 5*a - 392 = -0*o, 5*o - b = -5*a. List the prime factors of o.
3, 31
Suppose 15*m + 30 = 13*m. Let b(u) = -2*u - 6 - 2*u + 1. List the prime factors of b(m).
5, 11
Suppose 182*x - 177*x = -4*q + 61491, -3*q + 24595 = 2*x. List the prime factors of x.
7, 251
Let w(m) = 184*m**2 - m + 2. Let q(j) = -j**2 - 22*j - 27. Let v be q(-20). Let h be (-2)/v + (-105)/(-91). What are the prime factors of w(h)?
5, 37
What are the prime factors of 561/(-935) + (4/8 - (-22131)/10)?
2213
Suppose -3*t - 6*c + 2*c = -35280, 4*c = -4*t + 47040. Suppose -57*b = -78*b + t. What are the prime factors of b?
2, 5, 7
Suppose 14 = 19*r - 24. Suppose 4*t + 1475 = 3*f + 207, -842 = -r*f + t. List the prime factors of f.
2, 3, 5, 7
Suppose 9*f = -18*f + 65421. Suppose -8*x + f = -73. List the prime factors of x.
2, 3, 13
Suppose -3*u = -12 - 0. Suppose 3*b = b + 3*v + 110, -u*v = 2*b - 124. What are the prime factors of b?
2, 29
Suppose -d + 38 = d - 3*k, -88 = -5*d + 4*k. List the prime factors of 380 + 20/6*(-24)/d.
3, 5
Let x(q) = 13*q**3 + 3*q**2 - 7*q + 1. Let f(l) = l**3 - 11*l**2 + 21*l + 10. Let o be f(8). Let s = 16 + o. What are the prime factors of x(s)?
103
Suppose 0 = -87*u - 46*u + 3076423. What are the prime factors of u?
23131
Let n = 32737 - 7680. What are the prime factors of n?
25057
Let s be (90/(-36))/((-5)/4). Suppose 147 = -w - s*j + 807, 2*w = -2*j + 1328. What are the prime factors of w?
2, 167
Suppose 8*f = 5*f - 6, -2*i - 38 = 2*f. Let p(r) = r**2 - 7*r + 5. Let g be p(6). What are the prime factors of g - -1 - -29 - (16 + i)?
2, 3, 5
Let l(v) = -2*v**2 - 39*v - 6. Suppose 2*i = 1 - 1. Let a be (i - -1)/(10/(-170)). List the prime factors of l(a).
79
Suppose -2*w + 4*c = -35910, -2*c = 194*w - 198*w + 71802. What are the prime factors of w?
3, 31, 193
Let r(s) = -6*s**2 - 8*s - 6. Let n be r(-1). Let a = 19 + 7. What are the prime factors of (0 - 3 - n)*a?
2, 13
Suppose 0 = 4*m - 8, 3*w - 896 = 15*m - 13*m. What are the prime factors of w?
2, 3, 5
Suppose -2 = b + c, 0 - 2 = 3*b + c. Suppose -22*k + 15*k + 1365 = b. List the prime factors of k.
3, 5, 13
Let n(g) = -113*g + 956. List the prime factors of n(7).
3, 5, 11
Suppose -1609795 + 263983 = -73*k + 1271092. List the prime factors of k.
2, 4481
Suppose -39*z + 83*z - 615675 = -31*z. What are the prime factors of z?
8209
Let r = 1369 - 1361. Let m(n) = 5*n + 9*n - 4*n - 18. List the prime factors of m(r).
2, 31
Suppose 3*d - 3*c - 10962 = 0, 2*d - 9252 + 1938 = -4*c. What are the prime factors of d?
5, 17, 43
Let m be (((-3875)/(-4))/5)/((-6)/(-48)). Suppose l = 5*l - 2*n - m, 0 = -l + n + 386. List the prime factors of l.
389
Suppose -5*y + 15 = -5. Suppose -10*c - y*c = 0. Suppose c = -5*f + 79 + 356. List the prime factors of f.
3, 29
List the prime factors of 4/50 + (3360460/500 - 0).
11, 13, 47
Let d(z) = 2*z - 11*z + 4*z + z**2 + 9. Let y be d(9). What are the prime factors of y/105 - 417/(-7)?
2, 3, 5
Suppose -2*d + 5*s + 23 = 0, 2*d - 5*s - 24 = d. What are the prime factors of 212175/405 + d/(-9)?
2, 131
Let f = -4702 + 6256. List the prime factors of f.
2, 3, 7, 37
Suppose 0 = -408*f + 27390899 - 1573883. What are the prime factors of f?
63277
Let t(n) = n**3 + 9*n**2 + n + 11. Let o be t(-9). Suppose -410 = o*m + 3*m. Let k = m - -144. What are the prime factors of k?
2, 31
Let o(l) = 70*l**2 - 28*l - 225. What are the prime factors of o(-9)?
3, 211
Suppose 0 = -19874*q + 19891*q - 226304. What are the prime factors of q?
2, 13
List the prime factors of 14180/(-15)*(8 + (-385)/44).
709
List the prime factors of 1178/171*(-49316)/(-8) + (-4)/(-9).
42467
Let t = -27 + 25. Let i(q) = 17*q**2 + 2. Let v be i(t). Suppose -o = -v + 53. List the prime factors of o.
17
List the prime factors of (-388 + (-55)/5)*(-548)/12.
7, 19, 137
Let z(d) = d**3 + d**2 + d + 1. Let n(y) = 17*y**3 + y**2 + y + 15. Let l(a) = -n(a) + 4*z(a). List the prime factors of l(-3).
2, 179
Let w be (736/(-3) - 5) + (-3)/(-9). List the prime factors of w/(-1) + -6 + 3.
13, 19
Let o(g) = 42*g + 320. Let a be o(-7). Suppose 63*q = a*q + 6771. What are the prime factors of q?
3, 61
Let z be 1*6 + -1 + 0. Suppose -21*o + 534 = 2*t - 26*o, 4*t - 3*o = 1082. Suppose -t = z*w - 732. List the prime factors of w.
2, 23
Let p be 28/42*(3 - -441). Let q = -230 + p. List the prime factors of q.
2, 3, 11
Suppose 4*u + 3*m - 13120 = 0, -4*u = -7*m + 2*m - 13120. Suppose -a + 5188 = 5*p + 1068, 4*a = -4*p + u. What are the prime factors of p?
3, 5, 11
Suppose -2444*c = -2337*c - 1929638. What are the prime factors of c?
2, 71, 127
Let c = -192 + 257. Let t = c + 220. List the prime factors of t.
3, 5, 19
Suppose -3*f = -3*i - 25026, 14*f + 3*i + 41708 = 19*f. What are the prime factors of f?
19, 439
Suppose 0 = 3*l + 1 - 121. Let q = 99 - l. Let d = q + -29. What are the prime factors of d?
2, 3, 5
Let n be 1918/4 + 7/(-28)*6. Let a(z) = 2*z + 3 - 1 + 441*z**3 - n*z**3. What are the prime factors of a(-1)?
37
Suppose -2*i = 0, -2*i + 0*i + 126 = x. Let c = x - -54. Suppose -5*u - 5*o + c = 0, -2*u - 5 = o - 74. What are the prime factors of u?
3, 11
Let g = 6812 + -3161. What are the prime factors of g?
3, 1217
Suppose 45 - 5 = 10*p. Suppose 493 = -8*t + 4*t - b, -p*t - 487 = -5*b. Let l = -68 - t. List the prime factors of l.
5, 11
Suppose r = 3*q + 625 + 428, -4148 = -4*r - 4*q. Let d = 401 + r. List the prime factors of d.
2, 7, 103
Let m = -65 + 94. Let x = 35 - m. Let t(h) = 7*h - 4. List the prime factors of t(x).
2, 19
Let z be ((-1)/(-2))/(6/156). Suppose -20*q = -z*q - 8330. What are the prime factors of q?
2, 5, 7, 17
List the prime factors of -20 + (29 - 18) - (-47546 - 2).
137, 347
What are the prime factors of 18*16/288 - -384?
5, 7, 11
Let x = -405 - -1615. Let b be x/4*(-84)/(-35). Suppose -12*t + b + 1122 = 0. List the prime factors of t.
2, 7, 11
List the prime factors of 20/24 - 9/((-378)/481495).
5, 2293
Let r be (-3)/(72/28 + -3). Suppose r*a = 178 - 150. List the prime factors of a.
2
Suppose -124*f + 33*f + 1239822 = -488359. List the prime factors of f.
7, 2713
Let h = -378 - -390. What are the prime factors of h/3*4/(-10)*-140?
2, 7
Suppose 32*y - 260580 = 2*y. What are the prime factors of y?
2, 43, 101
Suppose -5*t - 360 = -14*t. Suppose 2*b = 8*h - 7*h - 16, t = h + 4*b. What are the prime factors of (h/(-15) - -1)*-50?
2, 3, 5
Suppose -l + 5*b + 1825 = 0, 7589 - 18508 = -6*l - b. List the prime factors of l.
2, 5, 7, 13
Let b = -12728 + 18826. List the prime factors of b.
2, 3049
Let d be 64/(-24) + 3/(-9). Let w(c) be the second derivative of c**4/3 + c**3/3 + 2*c**2 + 2*c. List the prime factors of w(d).
2, 17
Suppose 0 = -45*y + 96078 + 14262. What are the prime factors of y?
2, 613
Suppose 5371 = 5*f - 8874. Suppose 5*w = -2*w + f. What are the prime factors of w?
11, 37
Suppose 0 = 5*r + 1524 + 256. What are the prime factors of 2*(-42)/(-8)*r/(-6)?
7, 89
Suppose -424*h + 4 = -423*h. Suppose 10*s - 6 = 8*s, s = h*z - 4765. List the prime factors of z.
2, 149
Suppose 9*f - 13 = -4. Suppose 5*h = 3*g + 5, -3*g + 2*h = f + 1. Suppose 2*t - 9 = -t, g = 4*l + t - 499. What are the prime factors of l?
2, 31
Suppose -b = b + 3*a - 361, 2*b - 362 = -4*a. Let c = -164 + b. List the prime factors of c.
3, 5
Suppose 2*o = t + 2524, o - 4*o - 5*t = -3786. List the prime factors of o/6 + 32/(-96).
2, 3, 5, 7
Suppose -15*g + 24*g + 3537 = 0. Let n = g + 1466. What are the prime factors of n?
29, 37
Let i(c) = -c**3 + 15*c**2 - 4*c - 21. Let a be i(14). Let w = 207 - a. What are the prime factors of w*(2 + 0) + 2/(-2)?
5, 7
Let a = 16990 + -5856. L